{"id":2780,"date":"2021-11-26T14:58:48","date_gmt":"2021-11-26T14:58:48","guid":{"rendered":"https:\/\/zone300.wp.aitakes-apps.com\/?post_type=product&amp;p=2780"},"modified":"2021-11-26T14:58:48","modified_gmt":"2021-11-26T14:58:48","slug":"t-shirt-becasse-des-bois-zone300-enfant-unisexe","status":"publish","type":"product","link":"https:\/\/boutique.zone300.com\/index.php\/product\/t-shirt-becasse-des-bois-zone300-enfant-unisexe\/","title":{"rendered":"T-shirt B\u00e9casse Des Bois Zone300 &#8211; Enfant Unisexe"},"content":{"rendered":"<p>T-shirt b\u00e9casse des bois par Zone300 pour enfants.<\/p>\n<p>Mod\u00e8le unisexe.<\/p>\n<ul>\n<li>Disponible en plusieurs tailles.<\/li>\n<li>100% coton peign\u00e9.<\/li>\n<li>Col rond ras du cou.<\/li>\n<li>Manches courtes.<\/li>\n<li>Imprim\u00e9 sur le c\u0153ur.<\/li>\n<li>Coupe classique.<\/li>\n<\/ul>\n","protected":false},"excerpt":{"rendered":"<h3>La b\u00e9casse des bois :<\/h3>\n<p>Silencieuse et magnifique, elle se fond dans le feuillage gr\u00e2ce \u00e0 un trompe l&#8217;\u0153il des plus efficaces. Refl\u00e9tant la v\u00e9g\u00e9tation d\u2019automne, elle passe inaper\u00e7ue.<br \/>\nC\u2019est la b\u00e9casse, reine des bois<\/p>\n<p>&nbsp;<\/p>\n<h3>Description :<\/h3>\n<p>T-shirt b\u00e9casse des bois par Zone300 pour enfants.<\/p>\n<p>Mod\u00e8le unisexe.<\/p>\n<ul>\n<li>Disponible en plusieurs tailles.<\/li>\n<li>100% coton peign\u00e9.<\/li>\n<li>Col rond ras du cou.<\/li>\n<li>Manches courtes.<\/li>\n<li>Imprim\u00e9 sur le c\u0153ur.<\/li>\n<li>Coupe classique.<\/li>\n<\/ul>\n","protected":false},"featured_media":3220,"comment_status":"open","ping_status":"closed","template":"","meta":[],"product_cat":[31],"product_tag":[21,32],"_links":{"self":[{"href":"https:\/\/boutique.zone300.com\/index.php\/wp-json\/wp\/v2\/product\/2780"}],"collection":[{"href":"https:\/\/boutique.zone300.com\/index.php\/wp-json\/wp\/v2\/product"}],"about":[{"href":"https:\/\/boutique.zone300.com\/index.php\/wp-json\/wp\/v2\/types\/product"}],"replies":[{"embeddable":true,"href":"https:\/\/boutique.zone300.com\/index.php\/wp-json\/wp\/v2\/comments?post=2780"}],"wp:featuredmedia":[{"embeddable":true,"href":"https:\/\/boutique.zone300.com\/index.php\/wp-json\/wp\/v2\/media\/3220"}],"wp:attachment":[{"href":"https:\/\/boutique.zone300.com\/index.php\/wp-json\/wp\/v2\/media?parent=2780"}],"wp:term":[{"taxonomy":"product_cat","embeddable":true,"href":"https:\/\/boutique.zone300.com\/index.php\/wp-json\/wp\/v2\/product_cat?post=2780"},{"taxonomy":"product_tag","embeddable":true,"href":"https:\/\/boutique.zone300.com\/index.php\/wp-json\/wp\/v2\/product_tag?post=2780"}],"curies":[{"name":"wp","href":"https:\/\/api.w.org\/{rel}","templated":true}]}}