{"id":2865,"date":"2021-11-26T16:06:48","date_gmt":"2021-11-26T16:06:48","guid":{"rendered":"https:\/\/zone300.wp.aitakes-apps.com\/?post_type=product&amp;p=2865"},"modified":"2021-11-26T16:06:48","modified_gmt":"2021-11-26T16:06:48","slug":"casquette-cerf-zone300","status":"publish","type":"product","link":"https:\/\/boutique.zone300.com\/index.php\/product\/casquette-cerf-zone300\/","title":{"rendered":"Casquette Cerf Zone300"},"content":{"rendered":"<p>Casquette cerf par Zone300.<\/p>\n<p>Taille unique. 100% coton bross\u00e9<\/p>\n<ul>\n<li>Surface lisse et soyeuse.<\/li>\n<li>Tissu r\u00e9sistant et durable.<\/li>\n<li>Doux et confortable \u00e0 porter.<\/li>\n<\/ul>\n<p>Design unique, disponible uniquement sur Zone300.<\/p>\n<p>casquette, casqeuttes, couvrechef, couvre-chef, couvrechefs, couvre-chefs, t\u00eate, t\u00eates, soleil, chapeau, \u00e9t\u00e9<br \/>\nhomme, femme, masculin, f\u00e9minin, parent, parents, papa, papas, maman, mamans, grand, grande, grands, grandes, adulte, adultes,<br \/>\ngar\u00e7on, gar\u00e7ons, garcon, garcons, fille, filles, petit, petite, petits, petites, jeune, jeunes, enfant, enfants, fils, petit fils, petit-fils, petite-fille, petite fille<\/p>\n","protected":false},"excerpt":{"rendered":"<h3>Le Cerf :<\/h3>\n<p>De son brame, tous ses sujets se prosternent face \u00e0 lui. Le grand cerf parade avec sa couronne faite de bois. Des for\u00eats, il en est le roi.<\/p>\n<p>&nbsp;<\/p>\n<h3>Description :<\/h3>\n<p>Casquette cerf par Zone300.<\/p>\n<p>Taille unique. 100% coton bross\u00e9<\/p>\n<ul>\n<li>Surface lisse et soyeuse.<\/li>\n<li>Tissu r\u00e9sistant et durable.<\/li>\n<li>Doux et confortable \u00e0 porter.<\/li>\n<\/ul>\n<p>Design unique, disponible uniquement sur Zone300.<\/p>\n","protected":false},"featured_media":3624,"comment_status":"open","ping_status":"closed","template":"","meta":[],"product_cat":[22],"product_tag":[19,25,32],"_links":{"self":[{"href":"https:\/\/boutique.zone300.com\/index.php\/wp-json\/wp\/v2\/product\/2865"}],"collection":[{"href":"https:\/\/boutique.zone300.com\/index.php\/wp-json\/wp\/v2\/product"}],"about":[{"href":"https:\/\/boutique.zone300.com\/index.php\/wp-json\/wp\/v2\/types\/product"}],"replies":[{"embeddable":true,"href":"https:\/\/boutique.zone300.com\/index.php\/wp-json\/wp\/v2\/comments?post=2865"}],"wp:featuredmedia":[{"embeddable":true,"href":"https:\/\/boutique.zone300.com\/index.php\/wp-json\/wp\/v2\/media\/3624"}],"wp:attachment":[{"href":"https:\/\/boutique.zone300.com\/index.php\/wp-json\/wp\/v2\/media?parent=2865"}],"wp:term":[{"taxonomy":"product_cat","embeddable":true,"href":"https:\/\/boutique.zone300.com\/index.php\/wp-json\/wp\/v2\/product_cat?post=2865"},{"taxonomy":"product_tag","embeddable":true,"href":"https:\/\/boutique.zone300.com\/index.php\/wp-json\/wp\/v2\/product_tag?post=2865"}],"curies":[{"name":"wp","href":"https:\/\/api.w.org\/{rel}","templated":true}]}}