{"id":2920,"date":"2021-11-26T16:17:55","date_gmt":"2021-11-26T16:17:55","guid":{"rendered":"https:\/\/zone300.wp.aitakes-apps.com\/?post_type=product&amp;p=2920"},"modified":"2026-04-18T21:04:31","modified_gmt":"2026-04-18T19:04:31","slug":"bonnet-perdrix-zone300","status":"publish","type":"product","link":"https:\/\/boutique.zone300.com\/index.php\/product\/bonnet-perdrix-zone300\/","title":{"rendered":"Bonnet Perdrix Zone300"},"content":{"rendered":"<p>Bonnet perdrix par Zone300.<\/p>\n<p>Taille unique.<\/p>\n<ul>\n<li>Couleur vive et r\u00e9sistante lavage apr\u00e8s lavage.<\/li>\n<li>Toucher doux confortable \u00e0 porter.<\/li>\n<li>\u00c9pouse parfaitement le tour de t\u00eate.<\/li>\n<\/ul>\n<p>72 g. 100% acrylique Soft-Touch, doubl\u00e9, avec revers.<\/p>\n<p>bonnets, bonnet, froid, t\u00eate, t\u00eates, oreilles, oreille, hiver, calot, bob<br \/>\nhomme, femme, masculin, f\u00e9minin, parent, parents, papa, papas, maman, mamans, grand, grande, grands, grandes, adulte, adultes,<br \/>\ngar\u00e7on, gar\u00e7ons, garcon, garcons, fille, filles, petit, petite, petits, petites, jeune, jeunes, enfant, enfants, fils, petit fils, petit-fils, petite-fille, petite fille<\/p>\n","protected":false},"excerpt":{"rendered":"<h3>Le Perdrix :<\/h3>\n<p>La perdrix impressionne par sa vitesse. Rep\u00e9r\u00e9e, elle d\u00e9colle en un \u00e9clair, ne laissant derri\u00e8re elle que poussi\u00e8re. Elle est aussi tr\u00e8s bonne chanteuse. Sa m\u00e9lodie r\u00e9sonne \u00e0 travers les champs de bl\u00e9.<\/p>\n<p>&nbsp;<\/p>\n<h3>Description :<\/h3>\n<p>Bonnet perdrix rouge par Zone300.<\/p>\n<p>Taille unique.<\/p>\n<ul>\n<li>Couleur vive et r\u00e9sistante lavage apr\u00e8s lavage.<\/li>\n<li>Toucher doux confortable \u00e0 porter.<\/li>\n<li>\u00c9pouse parfaitement le tour de t\u00eate.<\/li>\n<\/ul>\n<p>72 g. 100% acrylique Soft-Touch), doubl\u00e9, avec revers.<\/p>\n","protected":false},"featured_media":3614,"comment_status":"open","ping_status":"closed","template":"","meta":[],"product_cat":[22],"product_tag":[19,32,40],"_links":{"self":[{"href":"https:\/\/boutique.zone300.com\/index.php\/wp-json\/wp\/v2\/product\/2920"}],"collection":[{"href":"https:\/\/boutique.zone300.com\/index.php\/wp-json\/wp\/v2\/product"}],"about":[{"href":"https:\/\/boutique.zone300.com\/index.php\/wp-json\/wp\/v2\/types\/product"}],"replies":[{"embeddable":true,"href":"https:\/\/boutique.zone300.com\/index.php\/wp-json\/wp\/v2\/comments?post=2920"}],"wp:featuredmedia":[{"embeddable":true,"href":"https:\/\/boutique.zone300.com\/index.php\/wp-json\/wp\/v2\/media\/3614"}],"wp:attachment":[{"href":"https:\/\/boutique.zone300.com\/index.php\/wp-json\/wp\/v2\/media?parent=2920"}],"wp:term":[{"taxonomy":"product_cat","embeddable":true,"href":"https:\/\/boutique.zone300.com\/index.php\/wp-json\/wp\/v2\/product_cat?post=2920"},{"taxonomy":"product_tag","embeddable":true,"href":"https:\/\/boutique.zone300.com\/index.php\/wp-json\/wp\/v2\/product_tag?post=2920"}],"curies":[{"name":"wp","href":"https:\/\/api.w.org\/{rel}","templated":true}]}}