{"id":2922,"date":"2021-11-26T16:18:49","date_gmt":"2021-11-26T16:18:49","guid":{"rendered":"https:\/\/zone300.wp.aitakes-apps.com\/?post_type=product&amp;p=2922"},"modified":"2026-04-18T21:08:00","modified_gmt":"2026-04-18T19:08:00","slug":"casquette-perdrix-zone300","status":"publish","type":"product","link":"https:\/\/boutique.zone300.com\/index.php\/product\/casquette-perdrix-zone300\/","title":{"rendered":"Casquette Perdrix Zone300"},"content":{"rendered":"<p>Casquette perdrix par Zone300.<\/p>\n<p>Taille unique. 100% coton bross\u00e9<\/p>\n<ul>\n<li>Surface lisse et soyeuse.<\/li>\n<li>Tissu r\u00e9sistant et durable.<\/li>\n<li>Doux et confortable \u00e0 porter.<\/li>\n<\/ul>\n<p>Design unique, disponible uniquement sur Zone300.<\/p>\n<p>casquette, casqeuttes, couvrechef, couvre-chef, couvrechefs, couvre-chefs, t\u00eate, t\u00eates, soleil, chapeau, \u00e9t\u00e9<br \/>\nhomme, femme, masculin, f\u00e9minin, parent, parents, papa, papas, maman, mamans, grand, grande, grands, grandes, adulte, adultes,<br \/>\ngar\u00e7on, gar\u00e7ons, garcon, garcons, fille, filles, petit, petite, petits, petites, jeune, jeunes, enfant, enfants, fils, petit fils, petit-fils, petite-fille, petite fille<\/p>\n","protected":false},"excerpt":{"rendered":"<h3>Le Perdrix :<\/h3>\n<p>La perdrix impressionne par sa vitesse. Rep\u00e9r\u00e9e, elle d\u00e9colle en un \u00e9clair, ne laissant derri\u00e8re elle que poussi\u00e8re. Elle est aussi tr\u00e8s bonne chanteuse. Sa m\u00e9lodie r\u00e9sonne \u00e0 travers les champs de bl\u00e9.<\/p>\n<p>&nbsp;<\/p>\n<h3>Description :<\/h3>\n<p>Casquette perdrix rouge par Zone300.<\/p>\n<p>Taille unique. 100% coton bross\u00e9<\/p>\n<ul>\n<li>Surface lisse et soyeuse.<\/li>\n<li>Tissu r\u00e9sistant et durable.<\/li>\n<li>Doux et confortable \u00e0 porter.<\/li>\n<\/ul>\n<p>Design unique, disponible uniquement sur Zone300.<\/p>\n","protected":false},"featured_media":3836,"comment_status":"open","ping_status":"closed","template":"","meta":[],"product_cat":[22],"product_tag":[19,32,40],"_links":{"self":[{"href":"https:\/\/boutique.zone300.com\/index.php\/wp-json\/wp\/v2\/product\/2922"}],"collection":[{"href":"https:\/\/boutique.zone300.com\/index.php\/wp-json\/wp\/v2\/product"}],"about":[{"href":"https:\/\/boutique.zone300.com\/index.php\/wp-json\/wp\/v2\/types\/product"}],"replies":[{"embeddable":true,"href":"https:\/\/boutique.zone300.com\/index.php\/wp-json\/wp\/v2\/comments?post=2922"}],"wp:featuredmedia":[{"embeddable":true,"href":"https:\/\/boutique.zone300.com\/index.php\/wp-json\/wp\/v2\/media\/3836"}],"wp:attachment":[{"href":"https:\/\/boutique.zone300.com\/index.php\/wp-json\/wp\/v2\/media?parent=2922"}],"wp:term":[{"taxonomy":"product_cat","embeddable":true,"href":"https:\/\/boutique.zone300.com\/index.php\/wp-json\/wp\/v2\/product_cat?post=2922"},{"taxonomy":"product_tag","embeddable":true,"href":"https:\/\/boutique.zone300.com\/index.php\/wp-json\/wp\/v2\/product_tag?post=2922"}],"curies":[{"name":"wp","href":"https:\/\/api.w.org\/{rel}","templated":true}]}}