{"id":3264,"date":"2021-11-29T10:49:18","date_gmt":"2021-11-29T10:49:18","guid":{"rendered":"https:\/\/zone300.wp.aitakes-apps.com\/?post_type=product&amp;p=3264"},"modified":"2021-11-29T10:49:18","modified_gmt":"2021-11-29T10:49:18","slug":"bonnet-setter-anglais-zone300","status":"publish","type":"product","link":"https:\/\/boutique.zone300.com\/index.php\/product\/bonnet-setter-anglais-zone300\/","title":{"rendered":"Bonnet Setter Anglais Zone300"},"content":{"rendered":"<p>Bonnet setter anglais par Zone300.<\/p>\n<p>Taille unique.<\/p>\n<ul>\n<li>Couleur vive et r\u00e9sistante lavage apr\u00e8s lavage.<\/li>\n<li>Toucher doux confortable \u00e0 porter.<\/li>\n<li>\u00c9pouse parfaitement le tour de t\u00eate.<\/li>\n<\/ul>\n<p>72 g. 100% acrylique Soft-Touch, doubl\u00e9, avec revers.<\/p>\n<p>bonnets, bonnet, froid, t\u00eate, t\u00eates, oreilles, oreille, hiver, calot, bob<br \/>\nhomme, femme, masculin, f\u00e9minin, parent, parents, papa, papas, maman, mamans, grand, grande, grands, grandes, adulte, adultes,<br \/>\ngar\u00e7on, gar\u00e7ons, garcon, garcons, fille, filles, petit, petite, petits, petites, jeune, jeunes, enfant, enfants, fils, petit fils, petit-fils, petite-fille, petite fille<\/p>\n","protected":false},"excerpt":{"rendered":"<h3>Le Setter Anglais :<\/h3>\n<p>Arr\u00eat\u00e9 au bord du bois, le setter avance \u00e0 t\u00e2tons. Confiant, il se trompe rarement. Est-il sur la piste du perdreau ou celle de l&#8217;insaisissable b\u00e9casse.<\/p>\n<p>&nbsp;<\/p>\n<h3>Description :<\/h3>\n<p>Bonnet setter anglais par Zone300.<\/p>\n<p>Taille unique.<\/p>\n<ul>\n<li>Couleur vive et r\u00e9sistante lavage apr\u00e8s lavage.<\/li>\n<li>Toucher doux confortable \u00e0 porter.<\/li>\n<li>\u00c9pouse parfaitement le tour de t\u00eate.<\/li>\n<\/ul>\n<p>72 g. 100% acrylique Soft-Touch, doubl\u00e9, avec revers.<\/p>\n","protected":false},"featured_media":3589,"comment_status":"open","ping_status":"closed","template":"","meta":[],"product_cat":[22],"product_tag":[19,32,44],"_links":{"self":[{"href":"https:\/\/boutique.zone300.com\/index.php\/wp-json\/wp\/v2\/product\/3264"}],"collection":[{"href":"https:\/\/boutique.zone300.com\/index.php\/wp-json\/wp\/v2\/product"}],"about":[{"href":"https:\/\/boutique.zone300.com\/index.php\/wp-json\/wp\/v2\/types\/product"}],"replies":[{"embeddable":true,"href":"https:\/\/boutique.zone300.com\/index.php\/wp-json\/wp\/v2\/comments?post=3264"}],"wp:featuredmedia":[{"embeddable":true,"href":"https:\/\/boutique.zone300.com\/index.php\/wp-json\/wp\/v2\/media\/3589"}],"wp:attachment":[{"href":"https:\/\/boutique.zone300.com\/index.php\/wp-json\/wp\/v2\/media?parent=3264"}],"wp:term":[{"taxonomy":"product_cat","embeddable":true,"href":"https:\/\/boutique.zone300.com\/index.php\/wp-json\/wp\/v2\/product_cat?post=3264"},{"taxonomy":"product_tag","embeddable":true,"href":"https:\/\/boutique.zone300.com\/index.php\/wp-json\/wp\/v2\/product_tag?post=3264"}],"curies":[{"name":"wp","href":"https:\/\/api.w.org\/{rel}","templated":true}]}}