{"id":3892,"date":"2021-12-03T10:54:54","date_gmt":"2021-12-03T10:54:54","guid":{"rendered":"https:\/\/boutique.zone300.com\/?post_type=product&amp;p=3892"},"modified":"2024-11-11T06:53:49","modified_gmt":"2024-11-11T05:53:49","slug":"coupe-vent-cerf-zone300-enfant-unisexe-2","status":"publish","type":"product","link":"https:\/\/boutique.zone300.com\/index.php\/product\/coupe-vent-cerf-zone300-enfant-unisexe-2\/","title":{"rendered":"Coupe Vent Cerf Zone300 &#8211; Enfant Unisexe"},"content":{"rendered":"<p>Coupe vent logo cerf par Zone300 pour enfants.<\/p>\n<p>Mod\u00e8le unisexe.<\/p>\n<ul>\n<li>Coupe-vent, d\u00e9perlant et r\u00e9sistant aux averses<\/li>\n<li>Capuche temp\u00eate ajustable, int\u00e9gr\u00e9e dans le col.<\/li>\n<\/ul>\n<p>100% nylon Taffetas. Ouverture int\u00e9grale par fermeture \u00e9clair avec curseur.<br \/>\nCapuche int\u00e9gr\u00e9e dans le col.<\/p>\n<p>coupe vent, coupe-vent, veste coupe vent, veste coupe-vent, vent, imperm\u00e9able, imperm\u00e9ables,<br \/>\ngar\u00e7on, gar\u00e7ons, garcon, garcons, fille, filles, petit, petite, petits, petites, jeune, jeunes, enfant, enfants, fils, petit fils, petit-fils, petite-fille, petite fille<\/p>\n","protected":false},"excerpt":{"rendered":"<h3>Le Cerf :<\/h3>\n<p>De son brame, tous ses sujets se prosternent face \u00e0 lui. Le grand cerf parade avec sa couronne faite de bois. Des for\u00eats, il en est le roi.<\/p>\n<p>&nbsp;<\/p>\n<h3>Description :<\/h3>\n<p>Coupe vent logo cerf par Zone300 pour enfants.<\/p>\n<p>Mod\u00e8le unisexe.<\/p>\n<ul>\n<li>Coupe-vent, d\u00e9perlant et r\u00e9sistant aux averses<\/li>\n<li>Capuche temp\u00eate ajustable, int\u00e9gr\u00e9e dans le col.<\/li>\n<\/ul>\n<p>100% nylon Taffetas. Ouverture int\u00e9grale par fermeture \u00e9clair avec curseur.<br \/>\nCapuche int\u00e9gr\u00e9e dans le col.<\/p>\n","protected":false},"featured_media":3898,"comment_status":"open","ping_status":"closed","template":"","meta":[],"product_cat":[31],"product_tag":[25,32],"_links":{"self":[{"href":"https:\/\/boutique.zone300.com\/index.php\/wp-json\/wp\/v2\/product\/3892"}],"collection":[{"href":"https:\/\/boutique.zone300.com\/index.php\/wp-json\/wp\/v2\/product"}],"about":[{"href":"https:\/\/boutique.zone300.com\/index.php\/wp-json\/wp\/v2\/types\/product"}],"replies":[{"embeddable":true,"href":"https:\/\/boutique.zone300.com\/index.php\/wp-json\/wp\/v2\/comments?post=3892"}],"wp:featuredmedia":[{"embeddable":true,"href":"https:\/\/boutique.zone300.com\/index.php\/wp-json\/wp\/v2\/media\/3898"}],"wp:attachment":[{"href":"https:\/\/boutique.zone300.com\/index.php\/wp-json\/wp\/v2\/media?parent=3892"}],"wp:term":[{"taxonomy":"product_cat","embeddable":true,"href":"https:\/\/boutique.zone300.com\/index.php\/wp-json\/wp\/v2\/product_cat?post=3892"},{"taxonomy":"product_tag","embeddable":true,"href":"https:\/\/boutique.zone300.com\/index.php\/wp-json\/wp\/v2\/product_tag?post=3892"}],"curies":[{"name":"wp","href":"https:\/\/api.w.org\/{rel}","templated":true}]}}